u + 15. Give n(-11).
-7
Let o(g) = g**3 - 3*g**2 + 6*g - 3. Give o(4).
37
Let o(i) = -i + 9. Determine o(8).
1
Let k(p) = p**2 - 7*p. Calculate k(5).
-10
Let x(i) = 2*i**3 + 2*i**2 - 1. Calculate x(-1).
-1
Let t(w) = w**3 + 7*w**2 - w - 8. Determine t(-6).
34
Let s(j) = -29*j**3 + 2*j**2 - 1. What is s(1)?
-28
Let m(l) = -l - 7. What is m(6)?
-13
Let t(j) = -64*j - 133. Determine t(-2).
-5
Let d(w) = w + 3. Calculate d(-4).
-1
Let p(o) = 5*o - 15. Determine p(7).
20
Let d(g) = g**3 - 11*g**2 - 12*g - 33. Give d(12).
-33
Let v(o) = -2*o**2 - 22*o - 108. Calculate v(-5).
-48
Let y(g) = 20*g**2 + 7*g - 8. What is y(1)?
19
Let n(s) = 5*s**2 + 3*s + 2. Calculate n(-2).
16
Let g(k) = -3*k**2 - 2*k + 2. Give g(4).
-54
Let g(v) = 9*v**3 + v - 1. What is g(1)?
9
Let l(u) = -u**3 - 13*u**2 + 25*u - 13. Give l(-15).
62
Let l(u) = -9*u**2 + 14*u - 14. What is l(1)?
-9
Let a(m) = m**2 + 7*m - 4. Give a(-6).
-10
Let l(o) = -o**2 + 19*o + 58. What is l(26)?
-124
Let l(t) = 5*t**2 + 15*t + 4. What is l(-2)?
-6
Let d(u) = -45*u + 719. Determine d(16).
-1
Let n(f) = 4*f**2 + 67*f - 22. Determine n(-17).
-5
Let f(v) = v**3 - 6*v**2 + 3*v + 16. Calculate f(5).
6
Let g(w) = 4*w + 9. Determine g(-7).
-19
Let y(x) = -x**2 + 7*x + 3. Determine y(4).
15
Let z(v) = -v - 12. Calculate z(11).
-23
Let b(t) = 107*t**3 - t**2 - 2*t + 3. Determine b(1).
107
Let j(d) = -2*d - 37. Determine j(-17).
-3
Let l(p) = -11*p + 63. What is l(7)?
-14
Let n(a) = -a**2 - 7*a - 12. Give n(-4).
0
Let a(f) = f**2 - 4*f - 9. Calculate a(5).
-4
Let m(h) = -5*h + 1. Determine m(1).
-4
Let o(u) = -2*u**2 + 13*u - 4. Give o(6).
2
Let g(x) = -3*x**3 + x**2 + x + 1. Calculate g(-1).
4
Let g(n) = -n**3 + 11*n**2 - 13*n. Determine g(9).
45
Let p(q) = 2*q**2 + 9*q + 8. Give p(-5).
13
Let v(d) = -4*d**3 - 4*d**2 + 4*d - 2. Determine v(2).
-42
Let d(c) = -c**2 - 7*c - 3. What is d(-4)?
9
Let s(t) = t**3 - 17*t**2 - t - 9. Determine s(17).
-26
Let p(k) = -7*k**2 + 107*k - 108. Give p(1).
-8
Let i(g) = -g**2 - 15*g - 15. What is i(-11)?
29
Let p(t) = t**2 - 30*t + 57. Give p(28).
1
Let w(p) = -2*p**2 + 6*p - 3. What is w(4)?
-11
Let t(f) = f - 24. Give t(16).
-8
Let n(s) = 17*s - 31. Give n(5).
54
Let y(d) = 25*d**3 + 2*d + 2. Give y(-1).
-25
Let h(j) = -5*j - 88. What is h(-18)?
2
Let s(z) = z**2 + 9*z + 13. Determine s(-6).
-5
Let z(d) = d**3 + 13*d**2 + 11*d - 6. Give z(-12).
6
Let p(c) = 2*c**3 - 7*c**2 - c. Calculate p(4).
12
Let x(u) = -u**2 + 33*u + 34. Give x(34).
0
Let n(f) = -f**2 - 4*f - 5. What is n(-8)?
-37
Let w(p) = p**2 + 13*p + 3. What is w(-13)?
3
Let t(p) = p**3 + 5*p**2 - 11*p. Calculate t(-6).
30
Let o(v) = -v**3 - 10*v**2 + 27*v + 32. Determine o(-12).
-4
Let h(p) = -p**3 - 7*p**2 + 7*p - 8. Determine h(-8).
0
Let u(r) = -19*r**2 + 9*r. Give u(1).
-10
Let o(a) = -3*a**3 - a**2 - 3. Calculate o(-2).
17
Let d(y) = 3*y - 38. Give d(-18).
-92
Let p(v) = -v**2 + 4*v - 10. Determine p(7).
-31
Let p(l) = -7*l + 29. Determine p(5).
-6
Let r(p) = -p**3 + 2*p**2 + 2*p - 2. Give r(2).
2
Let m(r) = 14*r + 3. Give m(5).
73
Let w(q) = 5*q - 14. What is w(5)?
11
Let o(q) = -q**2 + 9*q + 10. Determine o(7).
24
Let u(r) = -4*r. Give u(-1).
4
Let z(n) = n**3 + 12*n**2 - 11*n + 14. Calculate z(-13).
-12
Let r(z) = 2*z**2 - 49*z + 22. What is r(22)?
-88
Let v(d) = d**2 + 22. What is v(7)?
71
Let o(i) = 2*i**2 - 12*i + 8. What is o(6)?
8
Let l(q) = -10*q - 2. Calculate l(-2).
18
Let b(z) = -2*z - 11. Give b(-7).
3
Let b(c) = -3*c + 19. Give b(5).
4
Let p(b) = b**2 - 9*b - 8. What is p(10)?
2
Let g(n) = 5*n**2 - 7*n - 3. Determine g(2).
3
Let s(a) = -a**3 + 6*a**2 + 4*a - 18. Determine s(6).
6
Let v(f) = -4*f - 6. Give v(-11).
38
Let b(u) = u**2 - 5*u - 11. Determine b(5).
-11
Let m(s) = 73*s - 148. Calculate m(2).
-2
Let p(j) = -14*j + 323. Give p(24).
-13
Let o(q) = 3*q - 2. What is o(-13)?
-41
Let s(q) = 8*q**2 - q + 1. What is s(1)?
8
Let t(j) = j**3 + 51*j**2 - 220*j - 10. Give t(-55).
-10
Let h(g) = -g**3 + 7*g**2 + 13*g - 7. What is h(9)?
-52
Let j(p) = p**3 - 3*p**2 - 12*p + 30. What is j(3)?
-6
Let b(x) = 8*x - 86. Give b(10).
-6
Let b(p) = p**2 + 22. What is b(-8)?
86
Let n(t) = 4*t**2 - 2*t - 3. Determine n(3).
27
Let b(f) = 4*f. Determine b(7).
28
Let a(b) = -b**2 + 2*b + 6. Determine a(4).
-2
Let q(v) = v**3 + 8*v**2 + 14*v + 19. Calculate q(-6).
7
Let d(u) = -3*u**3 + 12*u**2 - 3*u + 8. Determine d(4).
-4
Let y(r) = r**3 + 7*r**2 + r + 6. What is y(-7)?
-1
Let n(u) = 10*u**2 + u. Give n(2).
42
Let m(q) = 94*q**3 + 2*q**2 + 4*q + 1. Determine m(-1).
-95
Let b(l) = 5*l - 22. Calculate b(12).
38
Let v(u) = 2*u**2 + 14*u - 39. Give v(-9).
-3
Let l(x) = 5*x + 5. What is l(-8)?
-35
Let f(r) = 27*r - 202. Give f(8).
14
Let x(r) = r**3 - 10*r**2 + 9*r - 7. What is x(9)?
-7
Let i(y) = -3*y**3 + 21*y**2 + y - 5. Calculate i(7).
2
Let s(z) = z**3 - z**2 + 3*z + 5. What is s(-4)?
-87
Let r(t) = t**2 - 15*t + 18. Give r(13).
-8
Let l(b) = 9*b**2 + b. Determine l(2).
38
Let u(b) = 8*b + 195. Give u(-24).
3
Let c(a) = a**3 + 13*a**2 + 11*a - 17. What is c(-12)?
-5
Let z(l) = 3*l - 8. What is z(-8)?
-32
Let q(t) = -t**2 - 71*t + 385. What is q(5)?
5
Let v(q) = 6*q + 31. What is v(-5)?
1
Let l(h) = -h**2 - 5*h + 5. What is l(-5)?
5
Let o(t) = -t - 9. Give o(14).
-23
Let y(d) = 2*d**3 + d**2 + d + 30. Calculate y(0).
30
Let y(x) = 2*x + 9. Calculate y(-5).
-1
Let x(v) = 10*v + 216. Give x(-22).
-4
Let f(x) = -2*x**3 - x**2 + 4*x + 7. Determine f(-2).
11
Let t(j) = j**3 - 24*j**2 + 23*j + 6. Give t(23).
6
Let l(x) = 3*x - 4. Give l(6).
14
Let n(b) = 4*b**3 - b**2 + 2*b - 1. Give n(1).
4
Let f(d) = d**2 - 9*d + 3. Calculate f(-3).
39
Let f(d) = -d**3 + 6*d**2 - 2*d + 4. Give f(4).
28
Let c(a) = 53*a - 8. What is c(2)?
98
Let n(y) = 47*y + 7. Give n(1).
54
Let r(w) = -w**2 - 19*w - 63. Determine r(-13).
15
Let y(d) = d**3 + d + 6. Give y(-3).
-24
Let q(l) = -32*l**2 + 288*l + 2. Calculate q(9).
2
Let y(h) = -2*h**2 + 14*h - 5. Calculate y(9).
-41
Let t(l) = l**2 + 2*l - 29. Determine t(0).
-29
Let b(c) = 2*c - 7. Calculate b(-6).
-19
Let n(l) = -l**3 + 6*l**2 + 10*l + 4. Determine n(8).
-44
Let c(k) = k**3 - 9*k**2 - 38*k + 30. Determine c(12).
6
Let v(l) = -l**3 + 7*l**2 + 2*l - 8. Calculate v(7).
6
Let f(r) = -r**3 - 4*r**2 + 8*r + 3. What is f(-5)?
-12
Let q(t) = 2*t**3 - t**2 - 3*t - 5. Calculate q(4).
95
Let b(j) = -j**2 - 6*j + 4. Calculate b(0).
4
Let v(k) = k**3 - 10*k**2 + 21*k + 4. What is v(4)?
-8
Let n(t) = -t**3 + 2*t**2 + 3*t - 7. Determine n(0).
-7
Let i(b) = b**3 - 5*b**2 + 11. Give i(3).
-7
Let v(l) = l**3 - 7*l**2 + 5. Calculate v(7).
5
Let m(r) = -29*r + 384. What is m(13)?
7
Let n(l) = l - 30. Calculate n(15).
-15
Let q(l) = 2*l + 70. Calculate q(-21).
28
Let i(n) = n**2 + 31*n + 86. Give i(-28).
2
Let l(a) = a**2 - 22*a + 4. Calculate l(16).
-92
Let w(i) = -i**3 - 5*i**2 + 2*i - 34. Calculate w(-6).
-10
Let p(t) = t**2 - 15*t - 28. Give p(16).
-12
Let u(s) = -28*s + 3. What is u(1)?
-25
Let n(w) = 6*w + 88. Determine n(-9).
34
Let l(y) = -y**3 - 5*y**2 - 5*y - 3. Give l(-4).
1
Let r(w) = -2*w**2 - 6*w - 3. Give r(-2).
1
Let x(c) = -3*c - 13. Calculate x(8).
-37
Let o(k) = -k**2 - 11*k + 59. Give o(-15).
-1
Let f(j) = -j**2 - 10*j. Give f(-6).
24
Let n(x) = -5*x + 21. Give n(5).
-4
Let y(t) = -t**3 - 6*t**2 + 6*t - 4. Calculate y(-7).
3
Let f(q) = -q + 3. What is f(0)?
3
Let a(j) = -4*j - 26. Determine a(-22).
62
Let k(x) = 2*x**2 + 42*x + 73. Give k(-2).
-3
Let k(s) = -s**2 + 2*s + 1. What is k(2)?
1
Let j(r) = 2*r**3 - 12*r**2 - 15*r + 87. Determine j(6).
-3
Let y(a) = a**2 + 8*a + 12. What is y(-8)?
12
Let v(g) = 48*g**3 - g**2 + g - 1. Calculate v(1).
47
Let w(q) = q**3 - 11*q**2 + q - 5. What is w(11)?
6
Let n(w) = -w**2 + 3*w - 1. What is n(2)?
1
Let m(w) = 56*w - 779. Calculate m(14).
5
Let m(l) = 10*l - 81. Give m(8).
-1
Let p(t) = t**3 + 17*t**2 + 15*t - 12. Calculate p(-16).
4
Let n(h) = 4*h - 8. What is n(-9)?
-44
Let j(d) = 64*d + 509. Determine j(-8).
-3
Let i(w) = w**2 + 5*w + 5. Determine i(-5).
5
Let i(z) = 3*z**3 + 2*z**2 - 2*z + 2. Determine i(2).
30
Let t(w) = -2*w - 7. Determine t(-5).
3
Let p(f) = 3*f - 2. What is p(-3)?
-11
Let s(g) = 21*g**2 - 1. Give s(1).
20
Let a(d) = d**2 - 20*d - 9. What is a(12)?
-105
Let w(j) = -14*j. What is w(-1)?
14
Let n(j) = j**2 - 11*